{"id":2098,"date":"2023-10-27T10:23:10","date_gmt":"2023-10-27T10:23:10","guid":{"rendered":"https:\/\/3.space1.pl\/?page_id=2098"},"modified":"2024-09-20T10:01:48","modified_gmt":"2024-09-20T10:01:48","slug":"razem-tworzmy-lepszy-swiat","status":"publish","type":"page","link":"https:\/\/lasdlanas.pl\/en\/","title":{"rendered":"Razem Tw\u00f3rzmy Lepszy \u015awiat"},"content":{"rendered":"<p>Nasza planeta to nasz dom, a ka\u017cde drzewo przypomina nam o pot\u0119dze \u017cycia. Kiedy patrzymy na ziele\u0144 otaczaj\u0105cych nas las\u00f3w, dostrzegamy nie tylko pi\u0119kno natury, ale r\u00f3wnie\u017c jej niezast\u0105pion\u0105 rol\u0119 w naszym codziennym istnieniu.<\/p>\n<p>W Fundacji Las dla Nas wierzymy,\u00a0<strong>\u017ce ochrona przyrody to nasza wsp\u00f3lna misja<\/strong>, a ka\u017cde nasze dzia\u0142anie przyczynia si\u0119 do dobra ca\u0142ej planety i jej przysz\u0142ych pokole\u0144.\u00a0<\/p>\n\n<p>To zdanie przypomina nam, jak kluczowe jest, aby z szacunkiem podchodzi\u0107 do zasob\u00f3w naszej Ziemi. \u015awiadome dzia\u0142ania, takie jak sadzenie las\u00f3w, to nasze wyra\u017ane przes\u0142anie dla przysz\u0142o\u015bci \u2013 jeste\u015bmy gotowi dzia\u0142a\u0107.<\/p>\n<p><strong>Razem, jako spo\u0142eczno\u015b\u0107, jeste\u015bmy w stanie zbudowa\u0107 zr\u00f3wnowa\u017con\u0105 planet\u0119, w kt\u00f3rej r\u00f3wnowaga mi\u0119dzy cz\u0142owiekiem a natur\u0105 b\u0119dzie trwa\u0142a i harmonijna.<\/strong>\u00a0Nasza wizja opiera si\u0119 na przekonaniu, \u017ce ka\u017cdy z nas ma moc wp\u0142ywania na otaczaj\u0105cy \u015bwiat. Poprzez partnerstwo z przedsi\u0119biorstwami i organizacjami, a tak\u017ce mobilizacj\u0119 lokalnych spo\u0142eczno\u015bci, mo\u017cemy tworzy\u0107 warunki do wzrostu i rozwoju nowych las\u00f3w.<\/p>\n<p><strong>Ka\u017cde drzewo to nie tylko fragment ekosystemu, ale symbol nadziei i odnowy, kt\u00f3ry nieustannie poszerza nasze horyzonty.<\/strong><\/p>\n\n<h3 class=\"wp-block-heading\">\u201eWszystko, co mamy, pochodzi z natury,<br> a wszystko, co robimy, na ni\u0105 wp\u0142ywa\u201d<\/h3>\n\n<h3 class=\"wp-block-heading\">Nasi Sponsorzy<\/h3>\n\n<figure class=\"wp-block-image size-full\"><img loading=\"lazy\" decoding=\"async\" width=\"338\" height=\"177\" src=\"https:\/\/lasdlanas.pl\/wp-content\/uploads\/2023\/10\/polemika.png\" alt class=\"wp-image-2234\" srcset=\"https:\/\/lasdlanas.pl\/wp-content\/uploads\/2023\/10\/polemika.png 338w, https:\/\/lasdlanas.pl\/wp-content\/uploads\/2023\/10\/polemika-300x157.png 300w, https:\/\/lasdlanas.pl\/wp-content\/uploads\/2023\/10\/polemika-18x9.png 18w\" sizes=\"auto, (max-width: 338px) 100vw, 338px\" \/><\/figure>\n\n<figure class=\"wp-block-image size-full\"><img loading=\"lazy\" decoding=\"async\" width=\"308\" height=\"161\" src=\"https:\/\/lasdlanas.pl\/wp-content\/uploads\/2023\/10\/kurowski.png\" alt class=\"wp-image-2233\" srcset=\"https:\/\/lasdlanas.pl\/wp-content\/uploads\/2023\/10\/kurowski.png 308w, https:\/\/lasdlanas.pl\/wp-content\/uploads\/2023\/10\/kurowski-300x157.png 300w, https:\/\/lasdlanas.pl\/wp-content\/uploads\/2023\/10\/kurowski-18x9.png 18w\" sizes=\"auto, (max-width: 308px) 100vw, 308px\" \/><\/figure>\n\n<figure class=\"wp-block-image size-full\"><img loading=\"lazy\" decoding=\"async\" width=\"255\" height=\"133\" src=\"https:\/\/lasdlanas.pl\/wp-content\/uploads\/2023\/10\/ideau.png\" alt class=\"wp-image-2232\" srcset=\"https:\/\/lasdlanas.pl\/wp-content\/uploads\/2023\/10\/ideau.png 255w, https:\/\/lasdlanas.pl\/wp-content\/uploads\/2023\/10\/ideau-18x9.png 18w\" sizes=\"auto, (max-width: 255px) 100vw, 255px\" \/><\/figure>\n\n<figure class=\"wp-block-image size-full\"><img loading=\"lazy\" decoding=\"async\" width=\"277\" height=\"145\" src=\"https:\/\/lasdlanas.pl\/wp-content\/uploads\/2023\/10\/Ferrari.png\" alt class=\"wp-image-2231\" srcset=\"https:\/\/lasdlanas.pl\/wp-content\/uploads\/2023\/10\/Ferrari.png 277w, https:\/\/lasdlanas.pl\/wp-content\/uploads\/2023\/10\/Ferrari-18x9.png 18w\" sizes=\"auto, (max-width: 277px) 100vw, 277px\" \/><\/figure>\n\n<figure class=\"wp-block-image size-full\"><img loading=\"lazy\" decoding=\"async\" width=\"235\" height=\"122\" src=\"https:\/\/lasdlanas.pl\/wp-content\/uploads\/2023\/10\/batory.png\" alt class=\"wp-image-2229\" srcset=\"https:\/\/lasdlanas.pl\/wp-content\/uploads\/2023\/10\/batory.png 235w, https:\/\/lasdlanas.pl\/wp-content\/uploads\/2023\/10\/batory-18x9.png 18w\" sizes=\"auto, (max-width: 235px) 100vw, 235px\" \/><\/figure>\n\n<figure class=\"wp-block-image size-full\"><img loading=\"lazy\" decoding=\"async\" width=\"262\" height=\"137\" src=\"https:\/\/lasdlanas.pl\/wp-content\/uploads\/2023\/10\/base.png\" alt class=\"wp-image-2228\" srcset=\"https:\/\/lasdlanas.pl\/wp-content\/uploads\/2023\/10\/base.png 262w, https:\/\/lasdlanas.pl\/wp-content\/uploads\/2023\/10\/base-18x9.png 18w\" sizes=\"auto, (max-width: 262px) 100vw, 262px\" \/><\/figure>\n\n<figure class=\"wp-block-image size-full\"><img loading=\"lazy\" decoding=\"async\" width=\"377\" height=\"197\" src=\"https:\/\/lasdlanas.pl\/wp-content\/uploads\/2023\/10\/ascot.png\" alt class=\"wp-image-2226\" srcset=\"https:\/\/lasdlanas.pl\/wp-content\/uploads\/2023\/10\/ascot.png 377w, https:\/\/lasdlanas.pl\/wp-content\/uploads\/2023\/10\/ascot-300x157.png 300w, https:\/\/lasdlanas.pl\/wp-content\/uploads\/2023\/10\/ascot-18x9.png 18w\" sizes=\"auto, (max-width: 377px) 100vw, 377px\" \/><\/figure>\n\n<figure class=\"wp-block-image size-thumbnail\"><img loading=\"lazy\" decoding=\"async\" width=\"150\" height=\"150\" src=\"https:\/\/lasdlanas.pl\/wp-content\/uploads\/2024\/09\/scandagra-150x150.webp\" alt class=\"wp-image-4155\" srcset=\"https:\/\/lasdlanas.pl\/wp-content\/uploads\/2024\/09\/scandagra-150x150.webp 150w, https:\/\/lasdlanas.pl\/wp-content\/uploads\/2024\/09\/scandagra-13x12.webp 13w\" sizes=\"auto, (max-width: 150px) 100vw, 150px\" \/><\/figure>","protected":false},"excerpt":{"rendered":"<p>Nasza planeta to nasz dom, a ka\u017cde drzewo przypomina nam o pot\u0119dze \u017cycia. Kiedy patrzymy na ziele\u0144 otaczaj\u0105cych nas las\u00f3w, dostrzegamy nie tylko pi\u0119kno natury, ale r\u00f3wnie\u017c jej niezast\u0105pion\u0105 rol\u0119 w naszym codziennym istnieniu. W Fundacji Las dla Nas wierzymy,\u00a0\u017ce ochrona przyrody to nasza wsp\u00f3lna misja, a ka\u017cde nasze dzia\u0142anie przyczynia si\u0119 do dobra ca\u0142ej [&hellip;]<\/p>","protected":false},"author":1,"featured_media":0,"parent":0,"menu_order":0,"comment_status":"closed","ping_status":"closed","template":"","meta":{"footnotes":""},"class_list":["post-2098","page","type-page","status-publish","hentry"],"_links":{"self":[{"href":"https:\/\/lasdlanas.pl\/en\/wp-json\/wp\/v2\/pages\/2098","targetHints":{"allow":["GET"]}}],"collection":[{"href":"https:\/\/lasdlanas.pl\/en\/wp-json\/wp\/v2\/pages"}],"about":[{"href":"https:\/\/lasdlanas.pl\/en\/wp-json\/wp\/v2\/types\/page"}],"author":[{"embeddable":true,"href":"https:\/\/lasdlanas.pl\/en\/wp-json\/wp\/v2\/users\/1"}],"replies":[{"embeddable":true,"href":"https:\/\/lasdlanas.pl\/en\/wp-json\/wp\/v2\/comments?post=2098"}],"version-history":[{"count":100,"href":"https:\/\/lasdlanas.pl\/en\/wp-json\/wp\/v2\/pages\/2098\/revisions"}],"predecessor-version":[{"id":4158,"href":"https:\/\/lasdlanas.pl\/en\/wp-json\/wp\/v2\/pages\/2098\/revisions\/4158"}],"wp:attachment":[{"href":"https:\/\/lasdlanas.pl\/en\/wp-json\/wp\/v2\/media?parent=2098"}],"curies":[{"name":"wp","href":"https:\/\/api.w.org\/{rel}","templated":true}]}}

Razem Twórzmy Lepszy Świat

<p>Nasza planeta to nasz dom, a każde drzewo przypomina nam o potędze życia. Kiedy patrzymy na zieleń otaczających nas lasów, dostrzegamy nie tylko piękno natury, ale również jej niezastąpioną rolę w naszym codziennym istnieniu.</p>
<p>W Fundacji Las dla Nas wierzymy, <strong>że ochrona przyrody to nasza wspólna misja</strong>, a każde nasze działanie przyczynia się do dobra całej planety i jej przyszłych pokoleń. </p>

<p>To zdanie przypomina nam, jak kluczowe jest, aby z szacunkiem podchodzić do zasobów naszej Ziemi. Świadome działania, takie jak sadzenie lasów, to nasze wyraźne przesłanie dla przyszłości – jesteśmy gotowi działać.</p>
<p><strong>Razem, jako społeczność, jesteśmy w stanie zbudować zrównoważoną planetę, w której równowaga między człowiekiem a naturą będzie trwała i harmonijna.</strong> Nasza wizja opiera się na przekonaniu, że każdy z nas ma moc wpływania na otaczający świat. Poprzez partnerstwo z przedsiębiorstwami i organizacjami, a także mobilizację lokalnych społeczności, możemy tworzyć warunki do wzrostu i rozwoju nowych lasów.</p>
<p><strong>Każde drzewo to nie tylko fragment ekosystemu, ale symbol nadziei i odnowy, który nieustannie poszerza nasze horyzonty.</strong></p>

<h3 class="wp-block-heading">„Wszystko, co mamy, pochodzi z natury,<br> a wszystko, co robimy, na nią wpływa”</h3>

<h3 class="wp-block-heading">Nasi Sponsorzy</h3>

<figure class="wp-block-image size-full"><img loading="lazy" decoding="async" width="338" height="177" src="https://lasdlanas.pl/wp-content/uploads/2023/10/polemika.png" alt class="wp-image-2234" srcset="https://lasdlanas.pl/wp-content/uploads/2023/10/polemika.png 338w, https://lasdlanas.pl/wp-content/uploads/2023/10/polemika-300x157.png 300w, https://lasdlanas.pl/wp-content/uploads/2023/10/polemika-18x9.png 18w" sizes="auto, (max-width: 338px) 100vw, 338px" /></figure>

<figure class="wp-block-image size-full"><img loading="lazy" decoding="async" width="308" height="161" src="https://lasdlanas.pl/wp-content/uploads/2023/10/kurowski.png" alt class="wp-image-2233" srcset="https://lasdlanas.pl/wp-content/uploads/2023/10/kurowski.png 308w, https://lasdlanas.pl/wp-content/uploads/2023/10/kurowski-300x157.png 300w, https://lasdlanas.pl/wp-content/uploads/2023/10/kurowski-18x9.png 18w" sizes="auto, (max-width: 308px) 100vw, 308px" /></figure>

<figure class="wp-block-image size-full"><img loading="lazy" decoding="async" width="255" height="133" src="https://lasdlanas.pl/wp-content/uploads/2023/10/ideau.png" alt class="wp-image-2232" srcset="https://lasdlanas.pl/wp-content/uploads/2023/10/ideau.png 255w, https://lasdlanas.pl/wp-content/uploads/2023/10/ideau-18x9.png 18w" sizes="auto, (max-width: 255px) 100vw, 255px" /></figure>

<figure class="wp-block-image size-full"><img loading="lazy" decoding="async" width="277" height="145" src="https://lasdlanas.pl/wp-content/uploads/2023/10/Ferrari.png" alt class="wp-image-2231" srcset="https://lasdlanas.pl/wp-content/uploads/2023/10/Ferrari.png 277w, https://lasdlanas.pl/wp-content/uploads/2023/10/Ferrari-18x9.png 18w" sizes="auto, (max-width: 277px) 100vw, 277px" /></figure>

<figure class="wp-block-image size-full"><img loading="lazy" decoding="async" width="235" height="122" src="https://lasdlanas.pl/wp-content/uploads/2023/10/batory.png" alt class="wp-image-2229" srcset="https://lasdlanas.pl/wp-content/uploads/2023/10/batory.png 235w, https://lasdlanas.pl/wp-content/uploads/2023/10/batory-18x9.png 18w" sizes="auto, (max-width: 235px) 100vw, 235px" /></figure>

<figure class="wp-block-image size-full"><img loading="lazy" decoding="async" width="262" height="137" src="https://lasdlanas.pl/wp-content/uploads/2023/10/base.png" alt class="wp-image-2228" srcset="https://lasdlanas.pl/wp-content/uploads/2023/10/base.png 262w, https://lasdlanas.pl/wp-content/uploads/2023/10/base-18x9.png 18w" sizes="auto, (max-width: 262px) 100vw, 262px" /></figure>

<figure class="wp-block-image size-full"><img loading="lazy" decoding="async" width="377" height="197" src="https://lasdlanas.pl/wp-content/uploads/2023/10/ascot.png" alt class="wp-image-2226" srcset="https://lasdlanas.pl/wp-content/uploads/2023/10/ascot.png 377w, https://lasdlanas.pl/wp-content/uploads/2023/10/ascot-300x157.png 300w, https://lasdlanas.pl/wp-content/uploads/2023/10/ascot-18x9.png 18w" sizes="auto, (max-width: 377px) 100vw, 377px" /></figure>

<figure class="wp-block-image size-thumbnail"><img loading="lazy" decoding="async" width="150" height="150" src="https://lasdlanas.pl/wp-content/uploads/2024/09/scandagra-150x150.webp" alt class="wp-image-4155" srcset="https://lasdlanas.pl/wp-content/uploads/2024/09/scandagra-150x150.webp 150w, https://lasdlanas.pl/wp-content/uploads/2024/09/scandagra-13x12.webp 13w" sizes="auto, (max-width: 150px) 100vw, 150px" /></figure>

<p>Nasza planeta to nasz dom, a każde drzewo przypomina nam o potędze życia. Kiedy patrzymy na zieleń otaczających nas lasów, dostrzegamy nie tylko piękno natury, ale również jej niezastąpioną rolę w naszym codziennym istnieniu. W Fundacji Las dla Nas wierzymy, że ochrona przyrody to nasza wspólna misja, a każde nasze działanie przyczynia się do dobra całej [&hellip;]</p>
